+ 6 = -u - 2*u, -3*u + 5*j = 6. Calculate the remainder when 82 is divided by 28/(5 + 6/u).
12
Let y(g) = -g**3 - 20*g**2 - 18*g + 43. What is the remainder when y(-19) is divided by 14?
10
Let u = 11 - -1. Calculate the remainder when 46 is divided by u.
10
Let z be (-1*2)/(5/20). Let c be (6/z)/(2/56). Let g = c - -66. What is the remainder when g is divided by 23?
22
Suppose 0 = -4*a - 19 - 21. What is the remainder when 32 is divided by (-115)/a - 2/4?
10
Suppose 5*a - 3*v = 246, -7*a + 3*a = 2*v - 188. What is the remainder when a is divided by (4/6)/(2/51)?
14
Suppose -5*c - 14 = -4. Let a be ((-3)/(-3))/((-1)/c). Suppose 5*r = -4*x + 27, r - 3*x - a*x - 17 = 0. What is the remainder when 20 is divided by r?
6
Let y be (-7)/(-14)*(1 - 1). Suppose y = -2*o + 4*p + 24, -2*o - 5*p - 9 = -o. Calculate the remainder when o is divided by 3.
0
Let y = 19 - 17. Suppose 0 = -3*w - y*w + 20. Calculate the remainder when 13 is divided by w.
1
Let y = -27 + 51. Calculate the remainder when y is divided by 13.
11
Let y(g) = g**2 + 4*g + 1. Calculate the remainder when y(3) is divided by 6.
4
Suppose 0 = -s - 0 + 14. Let t(d) = -6*d + s*d - 10*d**2 + 5 - d**3 + 2*d**2. What is the remainder when 41 is divided by t(-9)?
13
Let n be (-4)/10 + 1135/25. Suppose 2*j - n = 3*h, 62 = 3*j - h + 12. Calculate the remainder when 27 is divided by j.
12
Suppose 41*j = 39*j + 264. What is the remainder when j is divided by 15?
12
Let a(p) = 2*p**2 - 3*p + 5. Calculate the remainder when a(-7) is divided by 14.
12
Suppose -12 = -3*m, -5*v + 3*m - 95 = -2*m. Calculate the remainder when 35 is divided by 30*(-1 + (-21)/v).
11
Let s(p) = p**2 - 10*p - 17. Calculate the remainder when s(12) is divided by 5.
2
Suppose 0 = q - g - 1 - 1, -q - 2 = 3*g. Let i(n) = -2*n**3 - n**2 + 2*n - 1. Let w be i(q). Let l = w + 3. What is the remainder when l is divided by 1?
0
Suppose 22 = 4*n - 3*v - 0, -2*v = 5*n - 16. Suppose -52 = -4*k + 4*f - 3*f, k + n*f = -4. Let i = 20 + 2. What is the remainder when i is divided by k?
10
Let r(o) = -o**2 + 8*o + 1. Let v be r(8). Suppose -5*a + 2*a + 2*n + 86 = 0, -3*n - 38 = -a. Calculate the remainder when a is divided by 2/(-4)*(-18)/v.
8
Let r(t) = 3*t**2 - 4*t + 4. Let d be r(3). Let b = 27 - d. Let w = -2 + b. What is the remainder when 17 is divided by w?
5
Let n = -41 + 57. What is the remainder when 44 - (-6 - (-4 - -1)) is divided by n?
15
Let o = 0 - -4. What is the remainder when 67 is divided by -3*(-34)/24*o?
16
Suppose -38 = -4*s + 3*w, 2*s - 8 = 3*w + 14. Suppose 4*m - s = 2*m + 2*i, -4*m = -i - 28. What is the remainder when 22 is divided by m?
6
Suppose -3*t + 5*v = -0*t - 143, -2*v + 10 = 0. Let m = -26 + t. What is the remainder when m is divided by 11?
8
Suppose -8 = -2*g + 2*v + 8, -3*v + 15 = 0. Calculate the remainder when g is divided by 5.
3
Calculate the remainder when 89 is divided by 6/(-4)*(2 - 22).
29
Let o(g) = 89*g**3 + 2*g**2 - g. Let v be o(1). Suppose -305 = -5*j - 4*l - v, -2*l = 3*j - 127. Calculate the remainder when j is divided by 20.
19
Let q = -6 - -19. Let m(i) = 7*i - 3 + 5 + 1. What is the remainder when m(5) is divided by q?
12
Let d = 13 - 8. Suppose -5*o + 74 = p, 0*o - d*o + 54 = -4*p. What is the remainder when 25 is divided by o?
11
Let r(b) = 2*b**2 - b - 1. Let d be r(-1). Suppose d*v = -0*v + 158. What is the remainder when v is divided by 27?
25
Let r = -5 - -10. Suppose m = r*h + 34, -2*h - 47 = -4*m + 17. Calculate the remainder when m is divided by 5.
4
Suppose 2*i - 401 = 3*s, -5 = -3*i - 11. What is the remainder when 65 is divided by s/(-6) - 1/2?
21
Let l = 41 + -19. What is the remainder when 173 is divided by l?
19
Let j = 97 + -52. What is the remainder when 134 is divided by j?
44
Let m be 5*1 - (-7 - -6). Let k = 0 + m. Calculate the remainder when 16 is divided by k.
4
Let j = 21 + -20. Let a(u) = 12*u - 1. Calculate the remainder when 52 is divided by a(j).
8
Suppose 4*v = -3*f - 1 + 40, -v + 12 = f. Suppose 3*y - 1353 = 2*j, 0 = -2*j + 5*j - 5*y + 2028. Calculate the remainder when (-2)/f - j/27 is divided by 9.
7
Calculate the remainder when (-4)/(-20)*5 + 43 is divided by 25.
19
Suppose 2*n - 42 - 48 = -4*j, 3*j = 4*n + 95. Let z(y) = -4*y + 113. What is the remainder when j is divided by z(26)?
7
Let q = 49 - 30. What is the remainder when (-36)/(-5)*30/4 is divided by q?
16
Let m be 3/(6*(-1)/(-4)). Suppose 0 = 5*t - m*u - 39, -2*t + 3 = -6*u + u. What is the remainder when 25 is divided by t?
7
What is the remainder when 7 is divided by (4/(-24)*2)/(1/(-6))?
1
Let s = 1 + 20. Suppose 5*h - 9 - s = 0. What is the remainder when 17 is divided by h?
5
Let v(c) = 3*c. Let b be v(2). Let t(h) = 9*h - 3. Let r(i) = -5*i + 1. Let z(f) = -5*r(f) - 2*t(f). Calculate the remainder when z(b) is divided by 15.
13
Let j = -17 + 33. Calculate the remainder when 60 is divided by j.
12
Suppose -4*w = -10 - 66. What is the remainder when w is divided by 4/(-5)*(-25)/2?
9
Let t(r) = 35*r**2 - r. Let j(f) = f**2 + 2*f + 1. Let x be j(2). Suppose 0 = 3*i - 4*i + x. What is the remainder when t(1) is divided by i?
7
Let i be 71/6 + (-2)/(-12). Calculate the remainder when 17 is divided by (i + (-3)/1)/1.
8
Let h(b) = -b**3 + 5*b**2 - b - 7. Let m be h(5). Calculate the remainder when ((-4)/m)/((-2)/(-258)) is divided by 15.
13
Suppose -2*p - p = -216. Calculate the remainder when 4/(-2) - (2 - p) is divided by 23.
22
Suppose 2*t = -5 - 3. Let j(q) = -q**3 - 5*q**2 - 4*q + 4. Let l be j(t). Suppose -l*a + 10 = -30. Calculate the remainder when 19 is divided by a.
9
Suppose f + 5*h = -12, 0 = 2*f + 2*f - 2*h - 18. Suppose 0 = 3*u - f*z - 45, -4*u = z - 2*z - 57. What is the remainder when 26 is divided by u?
12
What is the remainder when 66 is divided by 2 - 108/(-5) - 6/(-15)?
18
Let b = -41 - -116. Calculate the remainder when b is divided by 19.
18
Let d = -38 + 67. What is the remainder when d is divided by 6?
5
Let n = -8 + 35. Calculate the remainder when 52 is divided by n.
25
Calculate the remainder when 75 is divided by 230/18 - 2/(-9).
10
Let l be 22/(-55) - 84/(-10). Suppose 2 = -g + l. What is the remainder when 16 is divided by g?
4
Suppose -4*v = n + 18, 4*n = -4*v - 0*v - 12. What is the remainder when ((-4)/10)/(n/(-20)) is divided by -9*1*(-2)/6?
1
Let u(l) = l**2 - 3*l - 1. Suppose 0 = -n + 4*g + 28, -n = -3*n + 4*g + 44. Calculate the remainder when n is divided by u(-2).
7
Suppose t - 5 = -4*t - 3*q, -5*q = -4*t + 41. Calculate the remainder when t is divided by 2.
0
Suppose -g + 3 + 11 = 0. Suppose -135 = 2*j - 5*j. Let c = -18 + j. Calculate the remainder when c is divided by g.
13
Let d be (-2)/(-3) + (-651)/(-9). Suppose 2*o - d = -15. Calculate the remainder when o is divided by 8.
5
Suppose -c = 4*h, 5*c + 0*c - 5*h - 25 = 0. What is the remainder when c is divided by 3?
1
Let p(i) = i**3 - 11*i**2 + 11*i - 5. Let r be 7 + 5 - (-2)/(-1). Let o be p(r). Suppose 0*x - 130 = -o*x. Calculate the remainder when x is divided by 14.
12
Suppose 103 = b + 22. What is the remainder when b is divided by 28?
25
Let p(c) = c**3 - 10*c**2 + 2*c + 2. Let u(n) = 2*n**3 - 19*n**2 + 4*n + 5. Let w(g) = 5*p(g) - 3*u(g). What is the remainder when w(5) is divided by 12?
11
Suppose -4*n - 2*n + 408 = 0. Calculate the remainder when n is divided by 23.
22
Suppose 0 = 5*a - 23 - 67. Calculate the remainder when 107 is divided by a.
17
Let t(m) = -m**2 + 7*m - 6. What is the remainder when t(5) is divided by 1?
0
Let k be ((-2)/4)/(3/18). What is the remainder when k*(3 + -2) - -20 is divided by 10?
7
Suppose -36 = 4*y + 4*c, 2*c = 3*y - 2*c + 6. Calculate the remainder when (3 + 21/(-6))*y is divided by 2.
1
Let x(o) = o**3 + 2*o**2 + 2*o + 40. What is the remainder when x(0) is divided by 21?
19
Let n = 9 + -4. Calculate the remainder when (-2)/4 + (-135)/(-10) is divided by n.
3
Calculate the remainder when (-193)/2*(2 + -7 + 3) is divided by 15.
13
Calculate the remainder when 37 is divided by (-105)/(-2 + -1)*18/63.
7
Let n(t) = 2*t + 17. Calculate the remainder when 17 is divided by n(-4).
8
Let o = 6 - -77. What is the remainder when o is divided by 12?
11
Let u(x) = -4*x + 18. What is the remainder when u(-15) is divided by 20?
18
Let d(g) = -7*g - 2. Let u be d(2). Let r = 